{"id":188,"date":"2025-05-04T23:39:46","date_gmt":"2025-05-04T21:39:46","guid":{"rendered":"https:\/\/umraza.betliar.sk\/?page_id=188"},"modified":"2025-05-05T14:32:08","modified_gmt":"2025-05-05T12:32:08","slug":"lokalita","status":"publish","type":"page","link":"https:\/\/umraza.betliar.sk\/?page_id=188","title":{"rendered":"Lokalita"},"content":{"rendered":"<div id=\"pl-188\"  class=\"panel-layout\" ><div id=\"pg-188-0\"  class=\"panel-grid panel-no-style\" ><div id=\"pgc-188-0-0\"  class=\"panel-grid-cell\" ><div id=\"panel-188-0-0-0\" class=\"so-panel widget widget_sow-tabs panel-first-child panel-last-child\" data-index=\"0\" ><div\n\t\t\t\n\t\t\tclass=\"so-widget-sow-tabs so-widget-sow-tabs-default-c2cb2ca30ab4-188\"\n\t\t\t\n\t\t><div class=\"sow-tabs\">\n\t<div class=\"sow-tabs-tab-container\" role=\"tablist\">\n\t\t\t<div\n\t\t\tclass=\"sow-tabs-tab sow-tabs-tab-selected\"\n\t\t\trole=\"tab\"\n\t\t\tdata-anchor-id=\"atrakcie\"\n\t\t\taria-selected=\"true\"\n\t\t\ttabindex=\"0\"\n\t\t>\n\t\t\t<div class=\"sow-tabs-title sow-tabs-title-icon-left\">\n\t\t\t\t\t\t\t\tAtrakcie\t\t\t\t\t\t\t<\/div>\n\t\t<\/div>\n\t\t\t<div\n\t\t\tclass=\"sow-tabs-tab\"\n\t\t\trole=\"tab\"\n\t\t\tdata-anchor-id=\"jaskyne\"\n\t\t\taria-selected=\"false\"\n\t\t\ttabindex=\"0\"\n\t\t>\n\t\t\t<div class=\"sow-tabs-title sow-tabs-title-icon-left\">\n\t\t\t\t\t\t\t\tJaskyne\t\t\t\t\t\t\t<\/div>\n\t\t<\/div>\n\t\t\t<div\n\t\t\tclass=\"sow-tabs-tab\"\n\t\t\trole=\"tab\"\n\t\t\tdata-anchor-id=\"sow-tabs-17779485546818a8b6b1f07377607162-2\"\n\t\t\taria-selected=\"false\"\n\t\t\ttabindex=\"0\"\n\t\t>\n\t\t\t<div class=\"sow-tabs-title sow-tabs-title-icon-left\">\n\t\t\t\t\t\t\t\t\t\t\t\t\t\t\t<\/div>\n\t\t<\/div>\n\t\t<\/div>\n\n\t<div class=\"sow-tabs-panel-container\">\n\t\t\t<div class=\"sow-tabs-panel\">\n\t\t\t<div\n\t\t\t\tclass=\"sow-tabs-panel-content\"\n\t\t\t\trole=\"tabpanel\"\n\t\t\t\taria-hidden=\"false\"\n\t\t\t>\n\t\t\t\t<p>Ka\u0161tie\u013e<\/p>\n<p>Anglick\u00fd park<\/p>\n<p>Hrad Kr\u00e1sna h\u00f4rka<\/p>\n<p>Mauz\u00f3leum<\/p>\n<p>Lanovka na Geravy<\/p>\n<p>Palcmansk\u00e1 ma\u0161a<\/p>\n<p>Str\u00e1\u017ena ve\u017ea v Ro\u017e\u0148ave<\/p>\n<p>&nbsp;<\/p>\n\t\t\t<\/div>\n\t\t<\/div>\n\t\t\t<div class=\"sow-tabs-panel\">\n\t\t\t<div\n\t\t\t\tclass=\"sow-tabs-panel-content\"\n\t\t\t\trole=\"tabpanel\"\n\t\t\t\taria-hidden=\"true\"\n\t\t\t>\n\t\t\t\t<p>Domica<\/p>\n<p>Ochtinsk\u00e1 aragonitov\u00e1<\/p>\n<p>Dob\u0161insk\u00e1 \u013eadov\u00e1<\/p>\n<p>Gombaseck\u00e1<\/p>\n<p>Kr\u00e1snohorsk\u00e1<\/p>\n\t\t\t<\/div>\n\t\t<\/div>\n\t\t\t<div class=\"sow-tabs-panel\">\n\t\t\t<div\n\t\t\t\tclass=\"sow-tabs-panel-content\"\n\t\t\t\trole=\"tabpanel\"\n\t\t\t\taria-hidden=\"true\"\n\t\t\t>\n\t\t\t\t\t\t\t<\/div>\n\t\t<\/div>\n\t\t<\/div>\n<\/div>\n<\/div><\/div><\/div><\/div><\/div>","protected":false},"excerpt":{"rendered":"<p>Atrakcie Jaskyne Ka\u0161tie\u013e Anglick\u00fd park Hrad Kr\u00e1sna h\u00f4rka Mauz\u00f3leum Lanovka na Geravy Palcmansk\u00e1 ma\u0161a Str\u00e1\u017ena ve\u017ea v Ro\u017e\u0148ave &nbsp; Domica Ochtinsk\u00e1 aragonitov\u00e1 Dob\u0161insk\u00e1 \u013eadov\u00e1 Gombaseck\u00e1 Kr\u00e1snohorsk\u00e1<\/p>\n","protected":false},"author":1,"featured_media":203,"parent":0,"menu_order":0,"comment_status":"closed","ping_status":"closed","template":"","meta":{"footnotes":""},"class_list":["post-188","page","type-page","status-publish","has-post-thumbnail","hentry"],"_links":{"self":[{"href":"https:\/\/umraza.betliar.sk\/index.php?rest_route=\/wp\/v2\/pages\/188","targetHints":{"allow":["GET"]}}],"collection":[{"href":"https:\/\/umraza.betliar.sk\/index.php?rest_route=\/wp\/v2\/pages"}],"about":[{"href":"https:\/\/umraza.betliar.sk\/index.php?rest_route=\/wp\/v2\/types\/page"}],"author":[{"embeddable":true,"href":"https:\/\/umraza.betliar.sk\/index.php?rest_route=\/wp\/v2\/users\/1"}],"replies":[{"embeddable":true,"href":"https:\/\/umraza.betliar.sk\/index.php?rest_route=%2Fwp%2Fv2%2Fcomments&post=188"}],"version-history":[{"count":17,"href":"https:\/\/umraza.betliar.sk\/index.php?rest_route=\/wp\/v2\/pages\/188\/revisions"}],"predecessor-version":[{"id":226,"href":"https:\/\/umraza.betliar.sk\/index.php?rest_route=\/wp\/v2\/pages\/188\/revisions\/226"}],"wp:featuredmedia":[{"embeddable":true,"href":"https:\/\/umraza.betliar.sk\/index.php?rest_route=\/wp\/v2\/media\/203"}],"wp:attachment":[{"href":"https:\/\/umraza.betliar.sk\/index.php?rest_route=%2Fwp%2Fv2%2Fmedia&parent=188"}],"curies":[{"name":"wp","href":"https:\/\/api.w.org\/{rel}","templated":true}]}}